{"id":368,"date":"2020-04-23T08:36:47","date_gmt":"2020-04-23T08:36:47","guid":{"rendered":"https:\/\/synkinoumai.gr\/?page_id=368"},"modified":"2020-09-11T17:58:23","modified_gmt":"2020-09-11T17:58:23","slug":"was-erwartet-man-von-einem-tanztherapeuten","status":"publish","type":"page","link":"https:\/\/synkinoumai.gr\/deutsch\/?page_id=368","title":{"rendered":"Was erwartet man von einem Tanztherapeuten"},"content":{"rendered":"\t\t<div data-elementor-type=\"wp-page\" data-elementor-id=\"368\" class=\"elementor elementor-368\" data-elementor-settings=\"[]\">\n\t\t\t\t\t\t<div class=\"elementor-inner\">\n\t\t\t\t\t\t\t<div class=\"elementor-section-wrap\">\n\t\t\t\t\t\t\t<section class=\"elementor-section elementor-top-section elementor-element elementor-element-9e29e8e elementor-section-full_width elementor-section-height-min-height elementor-section-stretched elementor-section-height-default elementor-section-items-middle\" data-id=\"9e29e8e\" data-element_type=\"section\" data-settings=\"{&quot;background_background&quot;:&quot;classic&quot;,&quot;stretch_section&quot;:&quot;section-stretched&quot;}\">\n\t\t\t\t\t\t\t<div class=\"elementor-background-overlay\"><\/div>\n\t\t\t\t\t\t\t<div class=\"elementor-container elementor-column-gap-default\">\n\t\t\t\t\t\t\t<div class=\"elementor-row\">\n\t\t\t\t\t<div class=\"elementor-column elementor-col-66 elementor-top-column elementor-element elementor-element-8635230\" data-id=\"8635230\" data-element_type=\"column\" data-settings=\"{&quot;background_background&quot;:&quot;classic&quot;}\">\n\t\t\t<div class=\"elementor-column-wrap elementor-element-populated\">\n\t\t\t\t\t\t\t<div class=\"elementor-widget-wrap\">\n\t\t\t\t\t\t<div class=\"elementor-element elementor-element-82dfef3 elementor-widget elementor-widget-heading\" data-id=\"82dfef3\" data-element_type=\"widget\" data-widget_type=\"heading.default\">\n\t\t\t\t<div class=\"elementor-widget-container\">\n\t\t\t<h2 class=\"elementor-heading-title elementor-size-default\">Was erwartet man von einem Tanztherapeuten<\/h2>\t\t<\/div>\n\t\t\t\t<\/div>\n\t\t\t\t<div class=\"elementor-element elementor-element-ae43e35 elementor-widget elementor-widget-text-editor\" data-id=\"ae43e35\" data-element_type=\"widget\" data-widget_type=\"text-editor.default\">\n\t\t\t\t<div class=\"elementor-widget-container\">\n\t\t\t\t\t\t\t\t<div class=\"elementor-text-editor elementor-clearfix\">\n\t\t\t\t<p>Als Tanztherapeut sollte man gem\u00e4\u00df den Ausbildungskriterien <a href=\"https:\/\/www.eadmt.com\/\" target=\"_blank\" rel=\"noopener\">der European Association Dance Movement Therapy (EADMT),<\/a> der <a href=\"https:\/\/gadt.gr\/\" target=\"_blank\" rel=\"noopener\">Verband der TanztherapeutInnen Griechenlands <\/a>ist, bestimmte Bedingungen erf\u00fcllen. Es wird eine Ausbildung in Geistes- oder Tanzwissenschaften vorausgesetzt. Man soll eine zweij\u00e4hrige Vollzeitausbildung oder eine dreij\u00e4hrige Teilzeitausbildung abgeschlossen haben, die in beiden F\u00e4llen zwei Jahre Praktikum, Supervision, pers\u00f6nliche Therapie sowie Psychologie- und Psychotherapiekurse umfasst.<\/p><p>F\u00fcr einen Tanztherapeuten ist ebenfalls der Aufbau einer therapeutischen \u00a0Beziehung, die w\u00e4hrend der Behandlung zwischen ihm und dem Patienten entsteht, von entscheidender Bedeutung. Wichtig f\u00fcr den Tanztherapeuten ist das Einf\u00fchlungsverm\u00f6gen, das ihm erm\u00f6glicht, die Bewegung der Person zu spiegeln, zu verfolgen und zu erweitern. Als Tanztherapeut f\u00fchrt und beurteilt man nicht, sondern sorgt daf\u00fcr, dass sich der Patient seinen Emotionen folgt und auf seinen K\u00f6rper h\u00f6rt. Der Tanztherapeut \u2018lehrt\u2018 keine Tanzschritte, sondern schafft einen \u2018Raum\u2018, in dem sich der Patient sicher f\u00fchlt, damit er seine Hemmungen \u00fcberwinden und seine Individualit\u00e4t ausdr\u00fccken kann.<\/p><p>Den Verhaltenskodex des Berufs finden Sie unter: <a href=\"https:\/\/gadt.gr\/code-of-conduct\/\" target=\"_blank\" rel=\"noopener\">https:\/\/gadt.gr\/code-of-conduct\/<\/a><\/p>\t\t\t\t\t<\/div>\n\t\t\t\t\t\t<\/div>\n\t\t\t\t<\/div>\n\t\t\t\t\t\t<\/div>\n\t\t\t\t\t<\/div>\n\t\t<\/div>\n\t\t\t\t<div class=\"elementor-column elementor-col-33 elementor-top-column elementor-element elementor-element-9e34fd5\" data-id=\"9e34fd5\" data-element_type=\"column\">\n\t\t\t<div class=\"elementor-column-wrap\">\n\t\t\t\t\t\t\t<div class=\"elementor-widget-wrap\">\n\t\t\t\t\t\t\t\t<\/div>\n\t\t\t\t\t<\/div>\n\t\t<\/div>\n\t\t\t\t\t\t\t\t<\/div>\n\t\t\t\t\t<\/div>\n\t\t<\/section>\n\t\t\t\t\t\t<\/div>\n\t\t\t\t\t\t<\/div>\n\t\t\t\t\t<\/div>\n\t\t","protected":false},"excerpt":{"rendered":"<p>Was erwartet man von einem Tanztherapeuten Als Tanztherapeut sollte man gem\u00e4\u00df den Ausbildungskriterien der European Association Dance Movement Therapy (EADMT), der Verband der TanztherapeutInnen Griechenlands ist, bestimmte Bedingungen erf\u00fcllen. Es wird eine Ausbildung in Geistes- oder Tanzwissenschaften vorausgesetzt. Man soll eine zweij\u00e4hrige Vollzeitausbildung oder eine dreij\u00e4hrige Teilzeitausbildung abgeschlossen haben, die in beiden F\u00e4llen zwei Jahre [&hellip;]<\/p>\n","protected":false},"author":1,"featured_media":3512,"parent":0,"menu_order":0,"comment_status":"closed","ping_status":"closed","template":"","meta":{"ocean_post_layout":"","ocean_both_sidebars_style":"","ocean_both_sidebars_content_width":0,"ocean_both_sidebars_sidebars_width":0,"ocean_sidebar":"0","ocean_second_sidebar":"0","ocean_disable_margins":"enable","ocean_add_body_class":"","ocean_shortcode_before_top_bar":"","ocean_shortcode_after_top_bar":"","ocean_shortcode_before_header":"","ocean_shortcode_after_header":"","ocean_has_shortcode":"","ocean_shortcode_after_title":"","ocean_shortcode_before_footer_widgets":"","ocean_shortcode_after_footer_widgets":"","ocean_shortcode_before_footer_bottom":"","ocean_shortcode_after_footer_bottom":"","ocean_display_top_bar":"default","ocean_display_header":"default","ocean_header_style":"","ocean_center_header_left_menu":"0","ocean_custom_header_template":"0","ocean_custom_logo":0,"ocean_custom_retina_logo":0,"ocean_custom_logo_max_width":0,"ocean_custom_logo_tablet_max_width":0,"ocean_custom_logo_mobile_max_width":0,"ocean_custom_logo_max_height":0,"ocean_custom_logo_tablet_max_height":0,"ocean_custom_logo_mobile_max_height":0,"ocean_header_custom_menu":"0","ocean_menu_typo_font_family":"0","ocean_menu_typo_font_subset":"","ocean_menu_typo_font_size":0,"ocean_menu_typo_font_size_tablet":0,"ocean_menu_typo_font_size_mobile":0,"ocean_menu_typo_font_size_unit":"px","ocean_menu_typo_font_weight":"","ocean_menu_typo_font_weight_tablet":"","ocean_menu_typo_font_weight_mobile":"","ocean_menu_typo_transform":"","ocean_menu_typo_transform_tablet":"","ocean_menu_typo_transform_mobile":"","ocean_menu_typo_line_height":0,"ocean_menu_typo_line_height_tablet":0,"ocean_menu_typo_line_height_mobile":0,"ocean_menu_typo_line_height_unit":"","ocean_menu_typo_spacing":0,"ocean_menu_typo_spacing_tablet":0,"ocean_menu_typo_spacing_mobile":0,"ocean_menu_typo_spacing_unit":"","ocean_menu_link_color":"","ocean_menu_link_color_hover":"","ocean_menu_link_color_active":"","ocean_menu_link_background":"","ocean_menu_link_hover_background":"","ocean_menu_link_active_background":"","ocean_menu_social_links_bg":"","ocean_menu_social_hover_links_bg":"","ocean_menu_social_links_color":"","ocean_menu_social_hover_links_color":"","ocean_disable_title":"default","ocean_disable_heading":"default","ocean_post_title":"","ocean_post_subheading":"","ocean_post_title_style":"","ocean_post_title_background_color":"","ocean_post_title_background":0,"ocean_post_title_bg_image_position":"","ocean_post_title_bg_image_attachment":"","ocean_post_title_bg_image_repeat":"","ocean_post_title_bg_image_size":"","ocean_post_title_height":0,"ocean_post_title_bg_overlay":0.5,"ocean_post_title_bg_overlay_color":"","ocean_disable_breadcrumbs":"default","ocean_breadcrumbs_color":"","ocean_breadcrumbs_separator_color":"","ocean_breadcrumbs_links_color":"","ocean_breadcrumbs_links_hover_color":"","ocean_display_footer_widgets":"default","ocean_display_footer_bottom":"default","ocean_custom_footer_template":"0","footnotes":""},"class_list":["post-368","page","type-page","status-publish","has-post-thumbnail","hentry","entry","has-media"],"yoast_head":"<!-- This site is optimized with the Yoast SEO plugin v18.0 - https:\/\/yoast.com\/wordpress\/plugins\/seo\/ -->\n<title>Was erwartet man von einem Tanztherapeuten - Syn Kinoumai<\/title>\n<meta name=\"description\" content=\"Als Tanztherapeut sollte man gem\u00e4\u00df den Ausbildungskriterien der Europ\u00e4ischen Vereinigung der Tanztherapeuten, deren Gr\u00fcndungsmitglied die Vereinigung der Tanztherapeuten Griechenlands ist, bestimmte Bedingungen erf\u00fcllen.\" \/>\n<meta name=\"robots\" content=\"index, follow, max-snippet:-1, max-image-preview:large, max-video-preview:-1\" \/>\n<link rel=\"canonical\" href=\"https:\/\/synkinoumai.gr\/deutsch\/?page_id=368\" \/>\n<meta property=\"og:locale\" content=\"el_GR\" \/>\n<meta property=\"og:type\" content=\"article\" \/>\n<meta property=\"og:title\" content=\"Was erwartet man von einem Tanztherapeuten - Syn Kinoumai\" \/>\n<meta property=\"og:description\" content=\"Als Tanztherapeut sollte man gem\u00e4\u00df den Ausbildungskriterien der Europ\u00e4ischen Vereinigung der Tanztherapeuten, deren Gr\u00fcndungsmitglied die Vereinigung der Tanztherapeuten Griechenlands ist, bestimmte Bedingungen erf\u00fcllen.\" \/>\n<meta property=\"og:url\" content=\"https:\/\/synkinoumai.gr\/deutsch\/?page_id=368\" \/>\n<meta property=\"og:site_name\" content=\"Syn Kinoumai\" \/>\n<meta property=\"article:publisher\" content=\"https:\/\/www.facebook.com\/koutiva\/\" \/>\n<meta property=\"article:modified_time\" content=\"2020-09-11T17:58:23+00:00\" \/>\n<meta property=\"og:image\" content=\"https:\/\/synkinoumai.gr\/deutsch\/wp-content\/uploads\/2020\/05\/\u0394\u0395\u039a\u0395\u039c\u0392\u03a1\u0399\u039f\u03a3-2017_\u03a4\u039f-\u0391\u039a\u0391\u039c\u03a0\u03a4\u039f-\u0393\u0399\u039d\u0395\u03a4\u0391\u0399-\u0395\u03a5\u039a\u0391\u039c\u03a0\u03a4\u039f.jpg\" \/>\n\t<meta property=\"og:image:width\" content=\"500\" \/>\n\t<meta property=\"og:image:height\" content=\"494\" \/>\n\t<meta property=\"og:image:type\" content=\"image\/jpeg\" \/>\n<meta name=\"twitter:card\" content=\"summary_large_image\" \/>\n<meta name=\"twitter:label1\" content=\"\u0395\u03ba\u03c4\u03b9\u03bc\u03ce\u03bc\u03b5\u03bd\u03bf\u03c2 \u03c7\u03c1\u03cc\u03bd\u03bf\u03c2 \u03b1\u03bd\u03ac\u03b3\u03bd\u03c9\u03c3\u03b7\u03c2\" \/>\n\t<meta name=\"twitter:data1\" content=\"1 \u03bb\u03b5\u03c0\u03c4\u03cc\" \/>\n<script type=\"application\/ld+json\" class=\"yoast-schema-graph\">{\"@context\":\"https:\/\/schema.org\",\"@graph\":[{\"@type\":\"Organization\",\"@id\":\"https:\/\/synkinoumai.gr\/deutsch\/#organization\",\"name\":\"syn kinoumai\",\"url\":\"https:\/\/synkinoumai.gr\/deutsch\/\",\"sameAs\":[\"https:\/\/www.facebook.com\/koutiva\/\"],\"logo\":{\"@type\":\"ImageObject\",\"@id\":\"https:\/\/synkinoumai.gr\/deutsch\/#logo\",\"inLanguage\":\"el\",\"url\":\"https:\/\/synkinoumai.gr\/deutsch\/wp-content\/uploads\/2020\/07\/bunner-main.jpg\",\"contentUrl\":\"https:\/\/synkinoumai.gr\/deutsch\/wp-content\/uploads\/2020\/07\/bunner-main.jpg\",\"width\":1024,\"height\":620,\"caption\":\"syn kinoumai\"},\"image\":{\"@id\":\"https:\/\/synkinoumai.gr\/deutsch\/#logo\"}},{\"@type\":\"WebSite\",\"@id\":\"https:\/\/synkinoumai.gr\/deutsch\/#website\",\"url\":\"https:\/\/synkinoumai.gr\/deutsch\/\",\"name\":\"Syn Kinoumai\",\"description\":\"\u039a\u03ad\u03bd\u03c4\u03c1\u03bf \u03a7\u03bf\u03c1\u03bf\u03b8\u03b5\u03c1\u03b1\u03c0\u03b5\u03af\u03b1\u03c2\",\"publisher\":{\"@id\":\"https:\/\/synkinoumai.gr\/deutsch\/#organization\"},\"potentialAction\":[{\"@type\":\"SearchAction\",\"target\":{\"@type\":\"EntryPoint\",\"urlTemplate\":\"https:\/\/synkinoumai.gr\/deutsch\/?s={search_term_string}\"},\"query-input\":\"required name=search_term_string\"}],\"inLanguage\":\"el\"},{\"@type\":\"ImageObject\",\"@id\":\"https:\/\/synkinoumai.gr\/deutsch\/?page_id=368#primaryimage\",\"inLanguage\":\"el\",\"url\":\"https:\/\/synkinoumai.gr\/deutsch\/wp-content\/uploads\/2020\/05\/\u0394\u0395\u039a\u0395\u039c\u0392\u03a1\u0399\u039f\u03a3-2017_\u03a4\u039f-\u0391\u039a\u0391\u039c\u03a0\u03a4\u039f-\u0393\u0399\u039d\u0395\u03a4\u0391\u0399-\u0395\u03a5\u039a\u0391\u039c\u03a0\u03a4\u039f.jpg\",\"contentUrl\":\"https:\/\/synkinoumai.gr\/deutsch\/wp-content\/uploads\/2020\/05\/\u0394\u0395\u039a\u0395\u039c\u0392\u03a1\u0399\u039f\u03a3-2017_\u03a4\u039f-\u0391\u039a\u0391\u039c\u03a0\u03a4\u039f-\u0393\u0399\u039d\u0395\u03a4\u0391\u0399-\u0395\u03a5\u039a\u0391\u039c\u03a0\u03a4\u039f.jpg\",\"width\":500,\"height\":494},{\"@type\":\"WebPage\",\"@id\":\"https:\/\/synkinoumai.gr\/deutsch\/?page_id=368#webpage\",\"url\":\"https:\/\/synkinoumai.gr\/deutsch\/?page_id=368\",\"name\":\"Was erwartet man von einem Tanztherapeuten - Syn Kinoumai\",\"isPartOf\":{\"@id\":\"https:\/\/synkinoumai.gr\/deutsch\/#website\"},\"primaryImageOfPage\":{\"@id\":\"https:\/\/synkinoumai.gr\/deutsch\/?page_id=368#primaryimage\"},\"datePublished\":\"2020-04-23T08:36:47+00:00\",\"dateModified\":\"2020-09-11T17:58:23+00:00\",\"description\":\"Als Tanztherapeut sollte man gem\u00e4\u00df den Ausbildungskriterien der Europ\u00e4ischen Vereinigung der Tanztherapeuten, deren Gr\u00fcndungsmitglied die Vereinigung der Tanztherapeuten Griechenlands ist, bestimmte Bedingungen erf\u00fcllen.\",\"breadcrumb\":{\"@id\":\"https:\/\/synkinoumai.gr\/deutsch\/?page_id=368#breadcrumb\"},\"inLanguage\":\"el\",\"potentialAction\":[{\"@type\":\"ReadAction\",\"target\":[\"https:\/\/synkinoumai.gr\/deutsch\/?page_id=368\"]}]},{\"@type\":\"BreadcrumbList\",\"@id\":\"https:\/\/synkinoumai.gr\/deutsch\/?page_id=368#breadcrumb\",\"itemListElement\":[{\"@type\":\"ListItem\",\"position\":1,\"name\":\"\u0391\u03c1\u03c7\u03b9\u03ba\u03ae\",\"item\":\"https:\/\/synkinoumai.gr\/deutsch\/\"},{\"@type\":\"ListItem\",\"position\":2,\"name\":\"Was erwartet man von einem Tanztherapeuten\"}]}]}<\/script>\n<!-- \/ Yoast SEO plugin. -->","yoast_head_json":{"title":"Was erwartet man von einem Tanztherapeuten - Syn Kinoumai","description":"Als Tanztherapeut sollte man gem\u00e4\u00df den Ausbildungskriterien der Europ\u00e4ischen Vereinigung der Tanztherapeuten, deren Gr\u00fcndungsmitglied die Vereinigung der Tanztherapeuten Griechenlands ist, bestimmte Bedingungen erf\u00fcllen.","robots":{"index":"index","follow":"follow","max-snippet":"max-snippet:-1","max-image-preview":"max-image-preview:large","max-video-preview":"max-video-preview:-1"},"canonical":"https:\/\/synkinoumai.gr\/deutsch\/?page_id=368","og_locale":"el_GR","og_type":"article","og_title":"Was erwartet man von einem Tanztherapeuten - Syn Kinoumai","og_description":"Als Tanztherapeut sollte man gem\u00e4\u00df den Ausbildungskriterien der Europ\u00e4ischen Vereinigung der Tanztherapeuten, deren Gr\u00fcndungsmitglied die Vereinigung der Tanztherapeuten Griechenlands ist, bestimmte Bedingungen erf\u00fcllen.","og_url":"https:\/\/synkinoumai.gr\/deutsch\/?page_id=368","og_site_name":"Syn Kinoumai","article_publisher":"https:\/\/www.facebook.com\/koutiva\/","article_modified_time":"2020-09-11T17:58:23+00:00","og_image":[{"width":500,"height":494,"url":"https:\/\/synkinoumai.gr\/deutsch\/wp-content\/uploads\/2020\/05\/\u0394\u0395\u039a\u0395\u039c\u0392\u03a1\u0399\u039f\u03a3-2017_\u03a4\u039f-\u0391\u039a\u0391\u039c\u03a0\u03a4\u039f-\u0393\u0399\u039d\u0395\u03a4\u0391\u0399-\u0395\u03a5\u039a\u0391\u039c\u03a0\u03a4\u039f.jpg","type":"image\/jpeg"}],"twitter_card":"summary_large_image","twitter_misc":{"\u0395\u03ba\u03c4\u03b9\u03bc\u03ce\u03bc\u03b5\u03bd\u03bf\u03c2 \u03c7\u03c1\u03cc\u03bd\u03bf\u03c2 \u03b1\u03bd\u03ac\u03b3\u03bd\u03c9\u03c3\u03b7\u03c2":"1 \u03bb\u03b5\u03c0\u03c4\u03cc"},"schema":{"@context":"https:\/\/schema.org","@graph":[{"@type":"Organization","@id":"https:\/\/synkinoumai.gr\/deutsch\/#organization","name":"syn kinoumai","url":"https:\/\/synkinoumai.gr\/deutsch\/","sameAs":["https:\/\/www.facebook.com\/koutiva\/"],"logo":{"@type":"ImageObject","@id":"https:\/\/synkinoumai.gr\/deutsch\/#logo","inLanguage":"el","url":"https:\/\/synkinoumai.gr\/deutsch\/wp-content\/uploads\/2020\/07\/bunner-main.jpg","contentUrl":"https:\/\/synkinoumai.gr\/deutsch\/wp-content\/uploads\/2020\/07\/bunner-main.jpg","width":1024,"height":620,"caption":"syn kinoumai"},"image":{"@id":"https:\/\/synkinoumai.gr\/deutsch\/#logo"}},{"@type":"WebSite","@id":"https:\/\/synkinoumai.gr\/deutsch\/#website","url":"https:\/\/synkinoumai.gr\/deutsch\/","name":"Syn Kinoumai","description":"\u039a\u03ad\u03bd\u03c4\u03c1\u03bf \u03a7\u03bf\u03c1\u03bf\u03b8\u03b5\u03c1\u03b1\u03c0\u03b5\u03af\u03b1\u03c2","publisher":{"@id":"https:\/\/synkinoumai.gr\/deutsch\/#organization"},"potentialAction":[{"@type":"SearchAction","target":{"@type":"EntryPoint","urlTemplate":"https:\/\/synkinoumai.gr\/deutsch\/?s={search_term_string}"},"query-input":"required name=search_term_string"}],"inLanguage":"el"},{"@type":"ImageObject","@id":"https:\/\/synkinoumai.gr\/deutsch\/?page_id=368#primaryimage","inLanguage":"el","url":"https:\/\/synkinoumai.gr\/deutsch\/wp-content\/uploads\/2020\/05\/\u0394\u0395\u039a\u0395\u039c\u0392\u03a1\u0399\u039f\u03a3-2017_\u03a4\u039f-\u0391\u039a\u0391\u039c\u03a0\u03a4\u039f-\u0393\u0399\u039d\u0395\u03a4\u0391\u0399-\u0395\u03a5\u039a\u0391\u039c\u03a0\u03a4\u039f.jpg","contentUrl":"https:\/\/synkinoumai.gr\/deutsch\/wp-content\/uploads\/2020\/05\/\u0394\u0395\u039a\u0395\u039c\u0392\u03a1\u0399\u039f\u03a3-2017_\u03a4\u039f-\u0391\u039a\u0391\u039c\u03a0\u03a4\u039f-\u0393\u0399\u039d\u0395\u03a4\u0391\u0399-\u0395\u03a5\u039a\u0391\u039c\u03a0\u03a4\u039f.jpg","width":500,"height":494},{"@type":"WebPage","@id":"https:\/\/synkinoumai.gr\/deutsch\/?page_id=368#webpage","url":"https:\/\/synkinoumai.gr\/deutsch\/?page_id=368","name":"Was erwartet man von einem Tanztherapeuten - Syn Kinoumai","isPartOf":{"@id":"https:\/\/synkinoumai.gr\/deutsch\/#website"},"primaryImageOfPage":{"@id":"https:\/\/synkinoumai.gr\/deutsch\/?page_id=368#primaryimage"},"datePublished":"2020-04-23T08:36:47+00:00","dateModified":"2020-09-11T17:58:23+00:00","description":"Als Tanztherapeut sollte man gem\u00e4\u00df den Ausbildungskriterien der Europ\u00e4ischen Vereinigung der Tanztherapeuten, deren Gr\u00fcndungsmitglied die Vereinigung der Tanztherapeuten Griechenlands ist, bestimmte Bedingungen erf\u00fcllen.","breadcrumb":{"@id":"https:\/\/synkinoumai.gr\/deutsch\/?page_id=368#breadcrumb"},"inLanguage":"el","potentialAction":[{"@type":"ReadAction","target":["https:\/\/synkinoumai.gr\/deutsch\/?page_id=368"]}]},{"@type":"BreadcrumbList","@id":"https:\/\/synkinoumai.gr\/deutsch\/?page_id=368#breadcrumb","itemListElement":[{"@type":"ListItem","position":1,"name":"\u0391\u03c1\u03c7\u03b9\u03ba\u03ae","item":"https:\/\/synkinoumai.gr\/deutsch\/"},{"@type":"ListItem","position":2,"name":"Was erwartet man von einem Tanztherapeuten"}]}]}},"_links":{"self":[{"href":"https:\/\/synkinoumai.gr\/deutsch\/index.php?rest_route=\/wp\/v2\/pages\/368","targetHints":{"allow":["GET"]}}],"collection":[{"href":"https:\/\/synkinoumai.gr\/deutsch\/index.php?rest_route=\/wp\/v2\/pages"}],"about":[{"href":"https:\/\/synkinoumai.gr\/deutsch\/index.php?rest_route=\/wp\/v2\/types\/page"}],"author":[{"embeddable":true,"href":"https:\/\/synkinoumai.gr\/deutsch\/index.php?rest_route=\/wp\/v2\/users\/1"}],"replies":[{"embeddable":true,"href":"https:\/\/synkinoumai.gr\/deutsch\/index.php?rest_route=%2Fwp%2Fv2%2Fcomments&post=368"}],"version-history":[{"count":38,"href":"https:\/\/synkinoumai.gr\/deutsch\/index.php?rest_route=\/wp\/v2\/pages\/368\/revisions"}],"predecessor-version":[{"id":4564,"href":"https:\/\/synkinoumai.gr\/deutsch\/index.php?rest_route=\/wp\/v2\/pages\/368\/revisions\/4564"}],"wp:featuredmedia":[{"embeddable":true,"href":"https:\/\/synkinoumai.gr\/deutsch\/index.php?rest_route=\/wp\/v2\/media\/3512"}],"wp:attachment":[{"href":"https:\/\/synkinoumai.gr\/deutsch\/index.php?rest_route=%2Fwp%2Fv2%2Fmedia&parent=368"}],"curies":[{"name":"wp","href":"https:\/\/api.w.org\/{rel}","templated":true}]}}