{"id":286,"date":"2020-04-23T06:40:32","date_gmt":"2020-04-23T06:40:32","guid":{"rendered":"https:\/\/synkinoumai.gr\/?page_id=286"},"modified":"2022-02-04T12:08:31","modified_gmt":"2022-02-04T12:08:31","slug":"zur-person","status":"publish","type":"page","link":"https:\/\/synkinoumai.gr\/deutsch\/?page_id=286","title":{"rendered":"Zur Person"},"content":{"rendered":"\t\t<div data-elementor-type=\"wp-page\" data-elementor-id=\"286\" class=\"elementor elementor-286\" data-elementor-settings=\"[]\">\n\t\t\t\t\t\t<div class=\"elementor-inner\">\n\t\t\t\t\t\t\t<div class=\"elementor-section-wrap\">\n\t\t\t\t\t\t\t<section class=\"elementor-section elementor-top-section elementor-element elementor-element-9a912d4 elementor-section-boxed elementor-section-height-default elementor-section-height-default\" data-id=\"9a912d4\" data-element_type=\"section\">\n\t\t\t\t\t\t<div class=\"elementor-container elementor-column-gap-default\">\n\t\t\t\t\t\t\t<div class=\"elementor-row\">\n\t\t\t\t\t<div class=\"elementor-column elementor-col-100 elementor-top-column elementor-element elementor-element-a2fc1af\" data-id=\"a2fc1af\" data-element_type=\"column\">\n\t\t\t<div class=\"elementor-column-wrap elementor-element-populated\">\n\t\t\t\t\t\t\t<div class=\"elementor-widget-wrap\">\n\t\t\t\t\t\t<div class=\"elementor-element elementor-element-520bdcd elementor-widget elementor-widget-spacer\" data-id=\"520bdcd\" data-element_type=\"widget\" data-widget_type=\"spacer.default\">\n\t\t\t\t<div class=\"elementor-widget-container\">\n\t\t\t\t\t<div class=\"elementor-spacer\">\n\t\t\t<div class=\"elementor-spacer-inner\"><\/div>\n\t\t<\/div>\n\t\t\t\t<\/div>\n\t\t\t\t<\/div>\n\t\t\t\t\t\t<\/div>\n\t\t\t\t\t<\/div>\n\t\t<\/div>\n\t\t\t\t\t\t\t\t<\/div>\n\t\t\t\t\t<\/div>\n\t\t<\/section>\n\t\t\t\t<section class=\"elementor-section elementor-top-section elementor-element elementor-element-4ca40bf elementor-section-boxed elementor-section-height-default elementor-section-height-default\" data-id=\"4ca40bf\" data-element_type=\"section\" data-settings=\"{&quot;background_background&quot;:&quot;classic&quot;}\">\n\t\t\t\t\t\t<div class=\"elementor-container elementor-column-gap-default\">\n\t\t\t\t\t\t\t<div class=\"elementor-row\">\n\t\t\t\t\t<div class=\"elementor-column elementor-col-100 elementor-top-column elementor-element elementor-element-7461a9b\" data-id=\"7461a9b\" data-element_type=\"column\">\n\t\t\t<div class=\"elementor-column-wrap elementor-element-populated\">\n\t\t\t\t\t\t\t<div class=\"elementor-widget-wrap\">\n\t\t\t\t\t\t<div class=\"elementor-element elementor-element-2ec4702 elementor-drop-cap-yes elementor-drop-cap-view-default elementor-widget elementor-widget-text-editor\" data-id=\"2ec4702\" data-element_type=\"widget\" data-settings=\"{&quot;drop_cap&quot;:&quot;yes&quot;}\" data-widget_type=\"text-editor.default\">\n\t\t\t\t<div class=\"elementor-widget-container\">\n\t\t\t\t\t\t\t\t<div class=\"elementor-text-editor elementor-clearfix\">\n\t\t\t\t<p>Ioanna Koutiva ist in Griechenland geboren und hat in Australien, Deutschland und Griechenland gelebt. Sie studierte Germanistik in Athen und in Deutschland, wo sie auch P\u00e4dagogik studierte. Sie lehrte an der Ionischen Universit\u00e4t am Fachbereich\u00a0\u201eFremdsprachen f\u00fcr \u00dcbersetzer und Dolmetscher\u201c und an der Universit\u00e4t Athen am Fachbereich \u201eDeutsche Sprache und Literatur\u201c. Ihre Besch\u00e4ftigung in der Lehre f\u00fchrte sie zur Erforschung nach dem Potential, das in jedem Menschen steckt.<\/p><p>Dreij\u00e4hrige Ausbildung in Tanztherapie beim Verband der TanztherapeutInnen in Griechenland.<\/p><p>Besuch des f\u00fcnfj\u00e4hrigen Programms der Griechischen Gesellschaft f\u00fcr analytische Gruppen- und Familienpsychotherapie. Die Zusammenf\u00fchrung von K\u00f6rperbewegung mit theoretischen Ans\u00e4tzen wie dem der Psychoanalyse macht ein wichtiges Werkzeug ihrer Arbeit aus.<\/p><p>Besuch einer Reihe einf\u00fchrender Kurse in die Bewegungsanalyse\u00a0 Rudolf Labans, einem System zur Beobachtung, Aufzeichnung und Analyse\u00a0 von Informationen, die durch K\u00f6rperbewegung vermittelt werden.<\/p><p>Teilnahme an Workshops\u00a0 Systemischer Familienaufstellung mit Bert Hellinger,\u00a0 Gestalt-Therapie und EMDR (Eye Movement Desensitization and Reprocessing) zur Bew\u00e4ltigung psychischer Traumata.<\/p><p>Besuch von Kursen zur \u201eAnwendung von Beratungspsychologie\u201c im Rahmen des Fortbildungsprogramms f\u00fcr Erwachsene\u00a0 vom American College von Athen.<\/p><p>Mitglied des Programms von IKY (Staatliche Studienstiftung Griechenlands) im Rahmen des europ\u00e4ischen Programms Lifelong Learning Programm, Theatre of Organic Learning (TOOL),\u00a0 \u201eDas Theater im lebenslangen Lernprozess\u201c.<\/p><p>Teilnahme an Tagungen f\u00fcr Tanztherapie, Kunsttherapie und Musiktherapie in Griechenland und Deutschland.<\/p><p>Organisation von Pr\u00e4sentationen und Seminaren.<\/p><p>Interviews im Fernsehen zum therapeutischen Einsatz von\u00a0Tanz und Bewegung.<\/p><p>T\u00e4tigkeit als Tanztherapeutin im Entzugszentrum\u00a0 \u201e<a href=\"http:\/\/www.18ano.gr\/\">18 ANO<\/a>,\u201c im\u00a0<a href=\"http:\/\/www.aganargyroi.gr\/\">Seniorenheim \u201eAg. Nektarios<\/a>\u201c und im Lebenshilfezentrum f\u00fcr Personen mit geistiger Behinderung\u00a0<a href=\"http:\/\/www.eseepa.gr\/\">\u201eESTIA<\/a>\u201c.<\/p><p>Leitung von Kursen f\u00fcr Tanztherapie im Rahmen des griechisch-deutschen Sport- und Kulturvereins an der\u00a0Deutschen Schule Athen, an dem Athener College\u00a0und an verschiedenen anderen Institutionen. Sie f\u00fchrt Tanztherapie auch als Einzeltherapie.\u00a0<\/p><p>Sie ist\u00a02. Vorsizende und ehemaliges Mitglied des Wissenschaftsbeirats vom\u00a0<a href=\"http:\/\/www.gadt.gr\/\">Verband der TanztherapeutInnen Griechenlands.\u00a0<\/a><\/p><p>Sie ist Leiterin und Koordinatorin des\u00a0gemeinn\u00fctzigen Vereins mit dem Namen SYN KINOUMAI, Zentrum f\u00fcr Tanztherapie.<\/p><p>Sie bietet Workshops, Seminare, Gruppen- und Einzel-Tanztherapie-Sitzungen, Beratungssitzungen an und organisiert Fortbildungsseminare und Vortr\u00e4ge.<\/p>\t\t\t\t\t<\/div>\n\t\t\t\t\t\t<\/div>\n\t\t\t\t<\/div>\n\t\t\t\t\t\t<\/div>\n\t\t\t\t\t<\/div>\n\t\t<\/div>\n\t\t\t\t\t\t\t\t<\/div>\n\t\t\t\t\t<\/div>\n\t\t<\/section>\n\t\t\t\t<section class=\"elementor-section elementor-top-section elementor-element elementor-element-0f320ad elementor-section-boxed elementor-section-height-default elementor-section-height-default\" data-id=\"0f320ad\" data-element_type=\"section\" data-settings=\"{&quot;background_background&quot;:&quot;classic&quot;}\">\n\t\t\t\t\t\t<div class=\"elementor-container elementor-column-gap-extended\">\n\t\t\t\t\t\t\t<div class=\"elementor-row\">\n\t\t\t\t\t<div class=\"elementor-column elementor-col-100 elementor-top-column elementor-element elementor-element-aeaf6ea\" data-id=\"aeaf6ea\" data-element_type=\"column\">\n\t\t\t<div class=\"elementor-column-wrap elementor-element-populated\">\n\t\t\t\t\t\t\t<div class=\"elementor-widget-wrap\">\n\t\t\t\t\t\t<div class=\"elementor-element elementor-element-816dde4 elementor-widget elementor-widget-text-editor\" data-id=\"816dde4\" data-element_type=\"widget\" data-widget_type=\"text-editor.default\">\n\t\t\t\t<div class=\"elementor-widget-container\">\n\t\t\t\t\t\t\t\t<div class=\"elementor-text-editor elementor-clearfix\">\n\t\t\t\t<h3 style=\"text-align: center;\">IOANNA KOUTIVA, GDTR Sr <span style=\"color: #757575; font-size: 14px; font-weight: 200; letter-spacing: 0.3px;\">(Greek Dance Therapy Registered Senior)<\/span><\/h3><p style=\"text-align: center;\">Tanztherapeutin<\/p><p>Psychologische Beraterin<\/p><p>Auszubildende der Griechischen Gesellschaft f\u00fcr Gruppen- und Familienpsychotherapie<\/p>\t\t\t\t\t<\/div>\n\t\t\t\t\t\t<\/div>\n\t\t\t\t<\/div>\n\t\t\t\t\t\t<\/div>\n\t\t\t\t\t<\/div>\n\t\t<\/div>\n\t\t\t\t\t\t\t\t<\/div>\n\t\t\t\t\t<\/div>\n\t\t<\/section>\n\t\t\t\t<section class=\"elementor-section elementor-top-section elementor-element elementor-element-e6bedf6 elementor-section-boxed elementor-section-height-default elementor-section-height-default\" data-id=\"e6bedf6\" data-element_type=\"section\" data-settings=\"{&quot;background_background&quot;:&quot;classic&quot;}\">\n\t\t\t\t\t\t<div class=\"elementor-container elementor-column-gap-default\">\n\t\t\t\t\t\t\t<div class=\"elementor-row\">\n\t\t\t\t\t<div class=\"elementor-column elementor-col-100 elementor-top-column elementor-element elementor-element-6599221\" data-id=\"6599221\" data-element_type=\"column\">\n\t\t\t<div class=\"elementor-column-wrap elementor-element-populated\">\n\t\t\t\t\t\t\t<div class=\"elementor-widget-wrap\">\n\t\t\t\t\t\t<div class=\"elementor-element elementor-element-66030fc elementor-widget elementor-widget-image\" data-id=\"66030fc\" data-element_type=\"widget\" data-widget_type=\"image.default\">\n\t\t\t\t<div class=\"elementor-widget-container\">\n\t\t\t\t\t\t\t\t<div class=\"elementor-image\">\n\t\t\t\t\t\t\t\t\t\t\t\t<img loading=\"lazy\" decoding=\"async\" width=\"291\" height=\"300\" src=\"https:\/\/synkinoumai.gr\/deutsch\/wp-content\/uploads\/2020\/05\/84207_3-291x300.png\" class=\"attachment-medium size-medium\" alt=\"\" srcset=\"https:\/\/synkinoumai.gr\/deutsch\/wp-content\/uploads\/2020\/05\/84207_3-291x300.png 291w, https:\/\/synkinoumai.gr\/deutsch\/wp-content\/uploads\/2020\/05\/84207_3-768x793.png 768w, https:\/\/synkinoumai.gr\/deutsch\/wp-content\/uploads\/2020\/05\/84207_3.png 780w\" sizes=\"auto, (max-width: 291px) 100vw, 291px\" \/>\t\t\t\t\t\t\t\t\t\t\t\t\t\t<\/div>\n\t\t\t\t\t\t<\/div>\n\t\t\t\t<\/div>\n\t\t\t\t\t\t<\/div>\n\t\t\t\t\t<\/div>\n\t\t<\/div>\n\t\t\t\t\t\t\t\t<\/div>\n\t\t\t\t\t<\/div>\n\t\t<\/section>\n\t\t\t\t\t\t<\/div>\n\t\t\t\t\t\t<\/div>\n\t\t\t\t\t<\/div>\n\t\t","protected":false},"excerpt":{"rendered":"<p>Ioanna Koutiva ist in Griechenland geboren und hat in Australien, Deutschland und Griechenland gelebt. Sie studierte Germanistik in Athen und in Deutschland, wo sie auch P\u00e4dagogik studierte. Sie lehrte an der Ionischen Universit\u00e4t am Fachbereich\u00a0\u201eFremdsprachen f\u00fcr \u00dcbersetzer und Dolmetscher\u201c und an der Universit\u00e4t Athen am Fachbereich \u201eDeutsche Sprache und Literatur\u201c. Ihre Besch\u00e4ftigung in der Lehre [&hellip;]<\/p>\n","protected":false},"author":1,"featured_media":0,"parent":0,"menu_order":0,"comment_status":"closed","ping_status":"closed","template":"","meta":{"ocean_post_layout":"","ocean_both_sidebars_style":"","ocean_both_sidebars_content_width":0,"ocean_both_sidebars_sidebars_width":0,"ocean_sidebar":"0","ocean_second_sidebar":"0","ocean_disable_margins":"enable","ocean_add_body_class":"","ocean_shortcode_before_top_bar":"","ocean_shortcode_after_top_bar":"","ocean_shortcode_before_header":"","ocean_shortcode_after_header":"","ocean_has_shortcode":"","ocean_shortcode_after_title":"","ocean_shortcode_before_footer_widgets":"","ocean_shortcode_after_footer_widgets":"","ocean_shortcode_before_footer_bottom":"","ocean_shortcode_after_footer_bottom":"","ocean_display_top_bar":"default","ocean_display_header":"default","ocean_header_style":"","ocean_center_header_left_menu":"0","ocean_custom_header_template":"0","ocean_custom_logo":0,"ocean_custom_retina_logo":0,"ocean_custom_logo_max_width":0,"ocean_custom_logo_tablet_max_width":0,"ocean_custom_logo_mobile_max_width":0,"ocean_custom_logo_max_height":0,"ocean_custom_logo_tablet_max_height":0,"ocean_custom_logo_mobile_max_height":0,"ocean_header_custom_menu":"0","ocean_menu_typo_font_family":"0","ocean_menu_typo_font_subset":"","ocean_menu_typo_font_size":0,"ocean_menu_typo_font_size_tablet":0,"ocean_menu_typo_font_size_mobile":0,"ocean_menu_typo_font_size_unit":"px","ocean_menu_typo_font_weight":"","ocean_menu_typo_font_weight_tablet":"","ocean_menu_typo_font_weight_mobile":"","ocean_menu_typo_transform":"","ocean_menu_typo_transform_tablet":"","ocean_menu_typo_transform_mobile":"","ocean_menu_typo_line_height":0,"ocean_menu_typo_line_height_tablet":0,"ocean_menu_typo_line_height_mobile":0,"ocean_menu_typo_line_height_unit":"","ocean_menu_typo_spacing":0,"ocean_menu_typo_spacing_tablet":0,"ocean_menu_typo_spacing_mobile":0,"ocean_menu_typo_spacing_unit":"","ocean_menu_link_color":"","ocean_menu_link_color_hover":"","ocean_menu_link_color_active":"","ocean_menu_link_background":"","ocean_menu_link_hover_background":"","ocean_menu_link_active_background":"","ocean_menu_social_links_bg":"","ocean_menu_social_hover_links_bg":"","ocean_menu_social_links_color":"","ocean_menu_social_hover_links_color":"","ocean_disable_title":"default","ocean_disable_heading":"default","ocean_post_title":"","ocean_post_subheading":"","ocean_post_title_style":"","ocean_post_title_background_color":"","ocean_post_title_background":0,"ocean_post_title_bg_image_position":"","ocean_post_title_bg_image_attachment":"","ocean_post_title_bg_image_repeat":"","ocean_post_title_bg_image_size":"","ocean_post_title_height":0,"ocean_post_title_bg_overlay":0.5,"ocean_post_title_bg_overlay_color":"","ocean_disable_breadcrumbs":"default","ocean_breadcrumbs_color":"","ocean_breadcrumbs_separator_color":"","ocean_breadcrumbs_links_color":"","ocean_breadcrumbs_links_hover_color":"","ocean_display_footer_widgets":"default","ocean_display_footer_bottom":"default","ocean_custom_footer_template":"0","footnotes":""},"class_list":["post-286","page","type-page","status-publish","hentry","entry"],"yoast_head":"<!-- This site is optimized with the Yoast SEO plugin v18.0 - https:\/\/yoast.com\/wordpress\/plugins\/seo\/ -->\n<title>Zur Person - Syn Kinoumai<\/title>\n<meta name=\"description\" content=\"Ioanna Koutiva Zur Person\" \/>\n<meta name=\"robots\" content=\"index, follow, max-snippet:-1, max-image-preview:large, max-video-preview:-1\" \/>\n<link rel=\"canonical\" href=\"https:\/\/synkinoumai.gr\/deutsch\/?page_id=286\" \/>\n<meta property=\"og:locale\" content=\"el_GR\" \/>\n<meta property=\"og:type\" content=\"article\" \/>\n<meta property=\"og:title\" content=\"Zur Person - Syn Kinoumai\" \/>\n<meta property=\"og:description\" content=\"Ioanna Koutiva Zur Person\" \/>\n<meta property=\"og:url\" content=\"https:\/\/synkinoumai.gr\/deutsch\/?page_id=286\" \/>\n<meta property=\"og:site_name\" content=\"Syn Kinoumai\" \/>\n<meta property=\"article:publisher\" content=\"https:\/\/www.facebook.com\/koutiva\/\" \/>\n<meta property=\"article:modified_time\" content=\"2022-02-04T12:08:31+00:00\" \/>\n<meta property=\"og:image\" content=\"https:\/\/synkinoumai.gr\/deutsch\/wp-content\/uploads\/2020\/05\/84207_3-291x300.png\" \/>\n<meta name=\"twitter:card\" content=\"summary_large_image\" \/>\n<meta name=\"twitter:label1\" content=\"\u0395\u03ba\u03c4\u03b9\u03bc\u03ce\u03bc\u03b5\u03bd\u03bf\u03c2 \u03c7\u03c1\u03cc\u03bd\u03bf\u03c2 \u03b1\u03bd\u03ac\u03b3\u03bd\u03c9\u03c3\u03b7\u03c2\" \/>\n\t<meta name=\"twitter:data1\" content=\"3 \u03bb\u03b5\u03c0\u03c4\u03ac\" \/>\n<script type=\"application\/ld+json\" class=\"yoast-schema-graph\">{\"@context\":\"https:\/\/schema.org\",\"@graph\":[{\"@type\":\"Organization\",\"@id\":\"https:\/\/synkinoumai.gr\/deutsch\/#organization\",\"name\":\"syn kinoumai\",\"url\":\"https:\/\/synkinoumai.gr\/deutsch\/\",\"sameAs\":[\"https:\/\/www.facebook.com\/koutiva\/\"],\"logo\":{\"@type\":\"ImageObject\",\"@id\":\"https:\/\/synkinoumai.gr\/deutsch\/#logo\",\"inLanguage\":\"el\",\"url\":\"https:\/\/synkinoumai.gr\/deutsch\/wp-content\/uploads\/2020\/07\/bunner-main.jpg\",\"contentUrl\":\"https:\/\/synkinoumai.gr\/deutsch\/wp-content\/uploads\/2020\/07\/bunner-main.jpg\",\"width\":1024,\"height\":620,\"caption\":\"syn kinoumai\"},\"image\":{\"@id\":\"https:\/\/synkinoumai.gr\/deutsch\/#logo\"}},{\"@type\":\"WebSite\",\"@id\":\"https:\/\/synkinoumai.gr\/deutsch\/#website\",\"url\":\"https:\/\/synkinoumai.gr\/deutsch\/\",\"name\":\"Syn Kinoumai\",\"description\":\"\u039a\u03ad\u03bd\u03c4\u03c1\u03bf \u03a7\u03bf\u03c1\u03bf\u03b8\u03b5\u03c1\u03b1\u03c0\u03b5\u03af\u03b1\u03c2\",\"publisher\":{\"@id\":\"https:\/\/synkinoumai.gr\/deutsch\/#organization\"},\"potentialAction\":[{\"@type\":\"SearchAction\",\"target\":{\"@type\":\"EntryPoint\",\"urlTemplate\":\"https:\/\/synkinoumai.gr\/deutsch\/?s={search_term_string}\"},\"query-input\":\"required name=search_term_string\"}],\"inLanguage\":\"el\"},{\"@type\":\"ImageObject\",\"@id\":\"https:\/\/synkinoumai.gr\/deutsch\/?page_id=286#primaryimage\",\"inLanguage\":\"el\",\"url\":\"https:\/\/synkinoumai.gr\/deutsch\/wp-content\/uploads\/2020\/05\/84207_3.png\",\"contentUrl\":\"https:\/\/synkinoumai.gr\/deutsch\/wp-content\/uploads\/2020\/05\/84207_3.png\",\"width\":780,\"height\":805},{\"@type\":\"WebPage\",\"@id\":\"https:\/\/synkinoumai.gr\/deutsch\/?page_id=286#webpage\",\"url\":\"https:\/\/synkinoumai.gr\/deutsch\/?page_id=286\",\"name\":\"Zur Person - Syn Kinoumai\",\"isPartOf\":{\"@id\":\"https:\/\/synkinoumai.gr\/deutsch\/#website\"},\"primaryImageOfPage\":{\"@id\":\"https:\/\/synkinoumai.gr\/deutsch\/?page_id=286#primaryimage\"},\"datePublished\":\"2020-04-23T06:40:32+00:00\",\"dateModified\":\"2022-02-04T12:08:31+00:00\",\"description\":\"Ioanna Koutiva Zur Person\",\"breadcrumb\":{\"@id\":\"https:\/\/synkinoumai.gr\/deutsch\/?page_id=286#breadcrumb\"},\"inLanguage\":\"el\",\"potentialAction\":[{\"@type\":\"ReadAction\",\"target\":[\"https:\/\/synkinoumai.gr\/deutsch\/?page_id=286\"]}]},{\"@type\":\"BreadcrumbList\",\"@id\":\"https:\/\/synkinoumai.gr\/deutsch\/?page_id=286#breadcrumb\",\"itemListElement\":[{\"@type\":\"ListItem\",\"position\":1,\"name\":\"\u0391\u03c1\u03c7\u03b9\u03ba\u03ae\",\"item\":\"https:\/\/synkinoumai.gr\/deutsch\/\"},{\"@type\":\"ListItem\",\"position\":2,\"name\":\"Zur Person\"}]}]}<\/script>\n<!-- \/ Yoast SEO plugin. -->","yoast_head_json":{"title":"Zur Person - Syn Kinoumai","description":"Ioanna Koutiva Zur Person","robots":{"index":"index","follow":"follow","max-snippet":"max-snippet:-1","max-image-preview":"max-image-preview:large","max-video-preview":"max-video-preview:-1"},"canonical":"https:\/\/synkinoumai.gr\/deutsch\/?page_id=286","og_locale":"el_GR","og_type":"article","og_title":"Zur Person - Syn Kinoumai","og_description":"Ioanna Koutiva Zur Person","og_url":"https:\/\/synkinoumai.gr\/deutsch\/?page_id=286","og_site_name":"Syn Kinoumai","article_publisher":"https:\/\/www.facebook.com\/koutiva\/","article_modified_time":"2022-02-04T12:08:31+00:00","og_image":[{"url":"https:\/\/synkinoumai.gr\/deutsch\/wp-content\/uploads\/2020\/05\/84207_3-291x300.png"}],"twitter_card":"summary_large_image","twitter_misc":{"\u0395\u03ba\u03c4\u03b9\u03bc\u03ce\u03bc\u03b5\u03bd\u03bf\u03c2 \u03c7\u03c1\u03cc\u03bd\u03bf\u03c2 \u03b1\u03bd\u03ac\u03b3\u03bd\u03c9\u03c3\u03b7\u03c2":"3 \u03bb\u03b5\u03c0\u03c4\u03ac"},"schema":{"@context":"https:\/\/schema.org","@graph":[{"@type":"Organization","@id":"https:\/\/synkinoumai.gr\/deutsch\/#organization","name":"syn kinoumai","url":"https:\/\/synkinoumai.gr\/deutsch\/","sameAs":["https:\/\/www.facebook.com\/koutiva\/"],"logo":{"@type":"ImageObject","@id":"https:\/\/synkinoumai.gr\/deutsch\/#logo","inLanguage":"el","url":"https:\/\/synkinoumai.gr\/deutsch\/wp-content\/uploads\/2020\/07\/bunner-main.jpg","contentUrl":"https:\/\/synkinoumai.gr\/deutsch\/wp-content\/uploads\/2020\/07\/bunner-main.jpg","width":1024,"height":620,"caption":"syn kinoumai"},"image":{"@id":"https:\/\/synkinoumai.gr\/deutsch\/#logo"}},{"@type":"WebSite","@id":"https:\/\/synkinoumai.gr\/deutsch\/#website","url":"https:\/\/synkinoumai.gr\/deutsch\/","name":"Syn Kinoumai","description":"\u039a\u03ad\u03bd\u03c4\u03c1\u03bf \u03a7\u03bf\u03c1\u03bf\u03b8\u03b5\u03c1\u03b1\u03c0\u03b5\u03af\u03b1\u03c2","publisher":{"@id":"https:\/\/synkinoumai.gr\/deutsch\/#organization"},"potentialAction":[{"@type":"SearchAction","target":{"@type":"EntryPoint","urlTemplate":"https:\/\/synkinoumai.gr\/deutsch\/?s={search_term_string}"},"query-input":"required name=search_term_string"}],"inLanguage":"el"},{"@type":"ImageObject","@id":"https:\/\/synkinoumai.gr\/deutsch\/?page_id=286#primaryimage","inLanguage":"el","url":"https:\/\/synkinoumai.gr\/deutsch\/wp-content\/uploads\/2020\/05\/84207_3.png","contentUrl":"https:\/\/synkinoumai.gr\/deutsch\/wp-content\/uploads\/2020\/05\/84207_3.png","width":780,"height":805},{"@type":"WebPage","@id":"https:\/\/synkinoumai.gr\/deutsch\/?page_id=286#webpage","url":"https:\/\/synkinoumai.gr\/deutsch\/?page_id=286","name":"Zur Person - Syn Kinoumai","isPartOf":{"@id":"https:\/\/synkinoumai.gr\/deutsch\/#website"},"primaryImageOfPage":{"@id":"https:\/\/synkinoumai.gr\/deutsch\/?page_id=286#primaryimage"},"datePublished":"2020-04-23T06:40:32+00:00","dateModified":"2022-02-04T12:08:31+00:00","description":"Ioanna Koutiva Zur Person","breadcrumb":{"@id":"https:\/\/synkinoumai.gr\/deutsch\/?page_id=286#breadcrumb"},"inLanguage":"el","potentialAction":[{"@type":"ReadAction","target":["https:\/\/synkinoumai.gr\/deutsch\/?page_id=286"]}]},{"@type":"BreadcrumbList","@id":"https:\/\/synkinoumai.gr\/deutsch\/?page_id=286#breadcrumb","itemListElement":[{"@type":"ListItem","position":1,"name":"\u0391\u03c1\u03c7\u03b9\u03ba\u03ae","item":"https:\/\/synkinoumai.gr\/deutsch\/"},{"@type":"ListItem","position":2,"name":"Zur Person"}]}]}},"_links":{"self":[{"href":"https:\/\/synkinoumai.gr\/deutsch\/index.php?rest_route=\/wp\/v2\/pages\/286","targetHints":{"allow":["GET"]}}],"collection":[{"href":"https:\/\/synkinoumai.gr\/deutsch\/index.php?rest_route=\/wp\/v2\/pages"}],"about":[{"href":"https:\/\/synkinoumai.gr\/deutsch\/index.php?rest_route=\/wp\/v2\/types\/page"}],"author":[{"embeddable":true,"href":"https:\/\/synkinoumai.gr\/deutsch\/index.php?rest_route=\/wp\/v2\/users\/1"}],"replies":[{"embeddable":true,"href":"https:\/\/synkinoumai.gr\/deutsch\/index.php?rest_route=%2Fwp%2Fv2%2Fcomments&post=286"}],"version-history":[{"count":101,"href":"https:\/\/synkinoumai.gr\/deutsch\/index.php?rest_route=\/wp\/v2\/pages\/286\/revisions"}],"predecessor-version":[{"id":4640,"href":"https:\/\/synkinoumai.gr\/deutsch\/index.php?rest_route=\/wp\/v2\/pages\/286\/revisions\/4640"}],"wp:attachment":[{"href":"https:\/\/synkinoumai.gr\/deutsch\/index.php?rest_route=%2Fwp%2Fv2%2Fmedia&parent=286"}],"curies":[{"name":"wp","href":"https:\/\/api.w.org\/{rel}","templated":true}]}}