{"id":2112,"date":"2020-05-05T17:09:15","date_gmt":"2020-05-05T17:09:15","guid":{"rendered":"https:\/\/synkinoumai.gr\/?page_id=2112"},"modified":"2020-09-08T16:15:28","modified_gmt":"2020-09-08T16:15:28","slug":"was-ist-tanztherapie","status":"publish","type":"page","link":"https:\/\/synkinoumai.gr\/deutsch\/?page_id=2112","title":{"rendered":"Was ist Tanztherapie"},"content":{"rendered":"\t\t<div data-elementor-type=\"wp-page\" data-elementor-id=\"2112\" class=\"elementor elementor-2112\" data-elementor-settings=\"[]\">\n\t\t\t\t\t\t<div class=\"elementor-inner\">\n\t\t\t\t\t\t\t<div class=\"elementor-section-wrap\">\n\t\t\t\t\t\t\t<section class=\"elementor-section elementor-top-section elementor-element elementor-element-4afa273 elementor-section-full_width elementor-section-height-full elementor-section-stretched elementor-section-height-default elementor-section-items-middle\" data-id=\"4afa273\" data-element_type=\"section\" data-settings=\"{&quot;background_background&quot;:&quot;classic&quot;,&quot;stretch_section&quot;:&quot;section-stretched&quot;}\">\n\t\t\t\t\t\t\t<div class=\"elementor-background-overlay\"><\/div>\n\t\t\t\t\t\t\t<div class=\"elementor-container elementor-column-gap-default\">\n\t\t\t\t\t\t\t<div class=\"elementor-row\">\n\t\t\t\t\t<div class=\"elementor-column elementor-col-33 elementor-top-column elementor-element elementor-element-d86434f\" data-id=\"d86434f\" data-element_type=\"column\">\n\t\t\t<div class=\"elementor-column-wrap\">\n\t\t\t\t\t\t\t<div class=\"elementor-widget-wrap\">\n\t\t\t\t\t\t\t\t<\/div>\n\t\t\t\t\t<\/div>\n\t\t<\/div>\n\t\t\t\t<div class=\"elementor-column elementor-col-66 elementor-top-column elementor-element elementor-element-ac42de7\" data-id=\"ac42de7\" data-element_type=\"column\" data-settings=\"{&quot;background_background&quot;:&quot;classic&quot;}\">\n\t\t\t<div class=\"elementor-column-wrap elementor-element-populated\">\n\t\t\t\t\t\t\t<div class=\"elementor-widget-wrap\">\n\t\t\t\t\t\t<div class=\"elementor-element elementor-element-8e665ff elementor-widget elementor-widget-heading\" data-id=\"8e665ff\" data-element_type=\"widget\" data-widget_type=\"heading.default\">\n\t\t\t\t<div class=\"elementor-widget-container\">\n\t\t\t<h2 class=\"elementor-heading-title elementor-size-default\">Was ist Tanztherapie <\/h2>\t\t<\/div>\n\t\t\t\t<\/div>\n\t\t\t\t<div class=\"elementor-element elementor-element-5f11fef elementor-widget elementor-widget-text-editor\" data-id=\"5f11fef\" data-element_type=\"widget\" data-widget_type=\"text-editor.default\">\n\t\t\t\t<div class=\"elementor-widget-container\">\n\t\t\t\t\t\t\t\t<div class=\"elementor-text-editor elementor-clearfix\">\n\t\t\t\t<p>Die Tanztherapie ist eine ganzheitliche psychotherapeutische Disziplin aus dem Bereich der k\u00fcnstlerischen Therapien, die auch Tanz-, Bewegungstherapie oder Dance Movement Psychotherapie genannt wird.<\/p><p>Die Tanztherapie verhilft dazu, dass eine Einheit zwischen K\u00f6rper und Seele auftritt, zwischen Gef\u00fchl und Verstand. Die Person wird sich der Wechselwirkung zwischen ihnen bewusst und der Tatsache, dass sie eine Ganzheit bilden. Sie ist mit dem Rhythmus verbunden \u2013 dem inneren oder dem der Musik \u2013 der selbstkreierten Bewegung und der improvisierten Bewegungsfolge, ohne freilich eine Tanztechnik zu bilden, da das Sich-gehen-lassen, d.h. der improvisatorische Ausdruck der Person favorisiert wird und nicht das Nachahmen und Erlernen von Tanzfiguren. Die Tanztherapie ist ein Verfahren zwischen \u201eich bewege mich\u201c und \u201emich bewegen\u201c Impulse, Emotionen, K\u00f6rpergef\u00fchle, die wir kennenlernen wollen. Die freie, improvisierte, authentische Bewegung als Ausdrucksmittel entspricht den freien Assoziationen in der psychoanalytischen Therapie. Die freie Bewegung bringt uns auf eine direkte und lockere Art und Weise in Kontakt mit uns selbst und den anderen.<\/p><p>Gem\u00e4\u00df der\u00a0<a href=\"http:\/\/www.adta.org\/\">American Dance Therapy Association (ADTA)<\/a>\u00a0wird die Tanztherapie definiert als \u201epsychotherapeutischer Einsatz von Bewegung und Tanz zur Integration k\u00f6rperlicher, emotionaler und kognitiver Prozesse sowie als Medium zur Pers\u00f6nlichkeitserweiterung des Menschen\u201c. Bei der Entwicklung der Tanztherapie hatten auch der revolution\u00e4re Wandel, der sich beim Tanz vollzog, seinen Beitrag, sowie der \u00dcbergang vom klassischen zum modernen Tanz.\u00a0Die M\u00f6glichkeit zu Selbstausdruck und Selbstverwirklichung mittels Bewegung und Tanz gegen\u00fcber den strengen und festgelegten Strukturen des Balletts brachten einen Wandel in der Haltung zum Tanz mit sich. Durch den modernen Tanz und der Improvisation beim Tanz war die M\u00f6glichkeit zum \u00dcbergang ins Unbewusste gegeben. Die neuen Erkenntnisse der unterschiedlichen psychologischen Ans\u00e4tze wie die von Freud, Adler, Jung, Winnicott, Mahler hatten Einfluss auf die Tanztherapie. Ihre theoretische Grundlage ergibt sich auch aus der Neuropsychologie, Psychiatrie, Gruppendynamik und der Bewegungsanalyse (Laban-Bewegungsanalyse, Kestenberg-Bewegungsprofil, Bartenieff-Fundamentals usw.).<\/p><p>Die Tanztherapie begann in den 50er Jahren in den USA durch innovative Tanzlehrer, die mit dem therapeutischen Aspekt des Tanzes in psychiatrischen Krankenh\u00e4usern experimentierten. Der Erfolg ihrer Methode bei der Kommunikationsf\u00e4higkeit und der Verbesserung der psychischen Gesundheit der Kranken f\u00fchrte zur Schaffung der Tanztherapie als eine der kreativen Therapien. So entwickelte sie sich nach und nach zu einer konkreten psychotherapeutischen Ausbildung an\u00a0Universit\u00e4ten, anfangs in den USA und ab 1974 in Europa.<\/p><p>Tanztherapie wird seit 1987 in Griechenland praktiziert. Der Verband der TanztherapeutInnen Griechenlands wurde 1993 gegr\u00fcndet. Er ist Mitglied der American Dance Therapy Association (ADTA) und Gr\u00fcndungsmitglied der <a href=\"https:\/\/www.eadmt.com\/\" target=\"_blank\" rel=\"noopener\">European Association Dance Movement Therapy<\/a> (EADMT).<\/p>\t\t\t\t\t<\/div>\n\t\t\t\t\t\t<\/div>\n\t\t\t\t<\/div>\n\t\t\t\t\t\t<\/div>\n\t\t\t\t\t<\/div>\n\t\t<\/div>\n\t\t\t\t\t\t\t\t<\/div>\n\t\t\t\t\t<\/div>\n\t\t<\/section>\n\t\t\t\t\t\t<\/div>\n\t\t\t\t\t\t<\/div>\n\t\t\t\t\t<\/div>\n\t\t","protected":false},"excerpt":{"rendered":"<p>Was ist Tanztherapie Die Tanztherapie ist eine ganzheitliche psychotherapeutische Disziplin aus dem Bereich der k\u00fcnstlerischen Therapien, die auch Tanz-, Bewegungstherapie oder Dance Movement Psychotherapie genannt wird. Die Tanztherapie verhilft dazu, dass eine Einheit zwischen K\u00f6rper und Seele auftritt, zwischen Gef\u00fchl und Verstand. Die Person wird sich der Wechselwirkung zwischen ihnen bewusst und der Tatsache, dass [&hellip;]<\/p>\n","protected":false},"author":1,"featured_media":0,"parent":0,"menu_order":0,"comment_status":"closed","ping_status":"closed","template":"","meta":{"ocean_post_layout":"","ocean_both_sidebars_style":"","ocean_both_sidebars_content_width":0,"ocean_both_sidebars_sidebars_width":0,"ocean_sidebar":"0","ocean_second_sidebar":"0","ocean_disable_margins":"enable","ocean_add_body_class":"","ocean_shortcode_before_top_bar":"","ocean_shortcode_after_top_bar":"","ocean_shortcode_before_header":"","ocean_shortcode_after_header":"","ocean_has_shortcode":"","ocean_shortcode_after_title":"","ocean_shortcode_before_footer_widgets":"","ocean_shortcode_after_footer_widgets":"","ocean_shortcode_before_footer_bottom":"","ocean_shortcode_after_footer_bottom":"","ocean_display_top_bar":"default","ocean_display_header":"default","ocean_header_style":"","ocean_center_header_left_menu":"0","ocean_custom_header_template":"0","ocean_custom_logo":0,"ocean_custom_retina_logo":0,"ocean_custom_logo_max_width":0,"ocean_custom_logo_tablet_max_width":0,"ocean_custom_logo_mobile_max_width":0,"ocean_custom_logo_max_height":0,"ocean_custom_logo_tablet_max_height":0,"ocean_custom_logo_mobile_max_height":0,"ocean_header_custom_menu":"0","ocean_menu_typo_font_family":"0","ocean_menu_typo_font_subset":"","ocean_menu_typo_font_size":0,"ocean_menu_typo_font_size_tablet":0,"ocean_menu_typo_font_size_mobile":0,"ocean_menu_typo_font_size_unit":"px","ocean_menu_typo_font_weight":"","ocean_menu_typo_font_weight_tablet":"","ocean_menu_typo_font_weight_mobile":"","ocean_menu_typo_transform":"","ocean_menu_typo_transform_tablet":"","ocean_menu_typo_transform_mobile":"","ocean_menu_typo_line_height":0,"ocean_menu_typo_line_height_tablet":0,"ocean_menu_typo_line_height_mobile":0,"ocean_menu_typo_line_height_unit":"","ocean_menu_typo_spacing":0,"ocean_menu_typo_spacing_tablet":0,"ocean_menu_typo_spacing_mobile":0,"ocean_menu_typo_spacing_unit":"","ocean_menu_link_color":"","ocean_menu_link_color_hover":"","ocean_menu_link_color_active":"","ocean_menu_link_background":"","ocean_menu_link_hover_background":"","ocean_menu_link_active_background":"","ocean_menu_social_links_bg":"","ocean_menu_social_hover_links_bg":"","ocean_menu_social_links_color":"","ocean_menu_social_hover_links_color":"","ocean_disable_title":"default","ocean_disable_heading":"default","ocean_post_title":"","ocean_post_subheading":"","ocean_post_title_style":"","ocean_post_title_background_color":"","ocean_post_title_background":0,"ocean_post_title_bg_image_position":"","ocean_post_title_bg_image_attachment":"","ocean_post_title_bg_image_repeat":"","ocean_post_title_bg_image_size":"","ocean_post_title_height":0,"ocean_post_title_bg_overlay":0.5,"ocean_post_title_bg_overlay_color":"","ocean_disable_breadcrumbs":"default","ocean_breadcrumbs_color":"","ocean_breadcrumbs_separator_color":"","ocean_breadcrumbs_links_color":"","ocean_breadcrumbs_links_hover_color":"","ocean_display_footer_widgets":"default","ocean_display_footer_bottom":"default","ocean_custom_footer_template":"0","footnotes":""},"class_list":["post-2112","page","type-page","status-publish","hentry","entry"],"yoast_head":"<!-- This site is optimized with the Yoast SEO plugin v18.0 - https:\/\/yoast.com\/wordpress\/plugins\/seo\/ -->\n<title>Was ist Tanztherapie - Syn Kinoumai<\/title>\n<meta name=\"description\" content=\"Die Tanztherapie ist eine ganzheitliche psychotherapeutische Disziplin aus dem Bereich der k\u00fcnstlerischen Therapien, die auch Tanz-, Bewegungstherapie oder Dance Movement Psychotherapie genannt wird.\" \/>\n<meta name=\"robots\" content=\"index, follow, max-snippet:-1, max-image-preview:large, max-video-preview:-1\" \/>\n<link rel=\"canonical\" href=\"https:\/\/synkinoumai.gr\/deutsch\/?page_id=2112\" \/>\n<meta property=\"og:locale\" content=\"el_GR\" \/>\n<meta property=\"og:type\" content=\"article\" \/>\n<meta property=\"og:title\" content=\"Was ist Tanztherapie - Syn Kinoumai\" \/>\n<meta property=\"og:description\" content=\"Die Tanztherapie ist eine ganzheitliche psychotherapeutische Disziplin aus dem Bereich der k\u00fcnstlerischen Therapien, die auch Tanz-, Bewegungstherapie oder Dance Movement Psychotherapie genannt wird.\" \/>\n<meta property=\"og:url\" content=\"https:\/\/synkinoumai.gr\/deutsch\/?page_id=2112\" \/>\n<meta property=\"og:site_name\" content=\"Syn Kinoumai\" \/>\n<meta property=\"article:publisher\" content=\"https:\/\/www.facebook.com\/koutiva\/\" \/>\n<meta property=\"article:modified_time\" content=\"2020-09-08T16:15:28+00:00\" \/>\n<meta property=\"og:image\" content=\"https:\/\/synkinoumai.gr\/deutsch\/wp-content\/uploads\/2020\/07\/BUNNER-FACEBOOK-NEW.jpg\" \/>\n\t<meta property=\"og:image:width\" content=\"1240\" \/>\n\t<meta property=\"og:image:height\" content=\"620\" \/>\n\t<meta property=\"og:image:type\" content=\"image\/jpeg\" \/>\n<meta name=\"twitter:card\" content=\"summary_large_image\" \/>\n<meta name=\"twitter:label1\" content=\"\u0395\u03ba\u03c4\u03b9\u03bc\u03ce\u03bc\u03b5\u03bd\u03bf\u03c2 \u03c7\u03c1\u03cc\u03bd\u03bf\u03c2 \u03b1\u03bd\u03ac\u03b3\u03bd\u03c9\u03c3\u03b7\u03c2\" \/>\n\t<meta name=\"twitter:data1\" content=\"2 \u03bb\u03b5\u03c0\u03c4\u03ac\" \/>\n<script type=\"application\/ld+json\" class=\"yoast-schema-graph\">{\"@context\":\"https:\/\/schema.org\",\"@graph\":[{\"@type\":\"Organization\",\"@id\":\"https:\/\/synkinoumai.gr\/deutsch\/#organization\",\"name\":\"syn kinoumai\",\"url\":\"https:\/\/synkinoumai.gr\/deutsch\/\",\"sameAs\":[\"https:\/\/www.facebook.com\/koutiva\/\"],\"logo\":{\"@type\":\"ImageObject\",\"@id\":\"https:\/\/synkinoumai.gr\/deutsch\/#logo\",\"inLanguage\":\"el\",\"url\":\"https:\/\/synkinoumai.gr\/deutsch\/wp-content\/uploads\/2020\/07\/bunner-main.jpg\",\"contentUrl\":\"https:\/\/synkinoumai.gr\/deutsch\/wp-content\/uploads\/2020\/07\/bunner-main.jpg\",\"width\":1024,\"height\":620,\"caption\":\"syn kinoumai\"},\"image\":{\"@id\":\"https:\/\/synkinoumai.gr\/deutsch\/#logo\"}},{\"@type\":\"WebSite\",\"@id\":\"https:\/\/synkinoumai.gr\/deutsch\/#website\",\"url\":\"https:\/\/synkinoumai.gr\/deutsch\/\",\"name\":\"Syn Kinoumai\",\"description\":\"\u039a\u03ad\u03bd\u03c4\u03c1\u03bf \u03a7\u03bf\u03c1\u03bf\u03b8\u03b5\u03c1\u03b1\u03c0\u03b5\u03af\u03b1\u03c2\",\"publisher\":{\"@id\":\"https:\/\/synkinoumai.gr\/deutsch\/#organization\"},\"potentialAction\":[{\"@type\":\"SearchAction\",\"target\":{\"@type\":\"EntryPoint\",\"urlTemplate\":\"https:\/\/synkinoumai.gr\/deutsch\/?s={search_term_string}\"},\"query-input\":\"required name=search_term_string\"}],\"inLanguage\":\"el\"},{\"@type\":\"WebPage\",\"@id\":\"https:\/\/synkinoumai.gr\/deutsch\/?page_id=2112#webpage\",\"url\":\"https:\/\/synkinoumai.gr\/deutsch\/?page_id=2112\",\"name\":\"Was ist Tanztherapie - Syn Kinoumai\",\"isPartOf\":{\"@id\":\"https:\/\/synkinoumai.gr\/deutsch\/#website\"},\"datePublished\":\"2020-05-05T17:09:15+00:00\",\"dateModified\":\"2020-09-08T16:15:28+00:00\",\"description\":\"Die Tanztherapie ist eine ganzheitliche psychotherapeutische Disziplin aus dem Bereich der k\u00fcnstlerischen Therapien, die auch Tanz-, Bewegungstherapie oder Dance Movement Psychotherapie genannt wird.\",\"breadcrumb\":{\"@id\":\"https:\/\/synkinoumai.gr\/deutsch\/?page_id=2112#breadcrumb\"},\"inLanguage\":\"el\",\"potentialAction\":[{\"@type\":\"ReadAction\",\"target\":[\"https:\/\/synkinoumai.gr\/deutsch\/?page_id=2112\"]}]},{\"@type\":\"BreadcrumbList\",\"@id\":\"https:\/\/synkinoumai.gr\/deutsch\/?page_id=2112#breadcrumb\",\"itemListElement\":[{\"@type\":\"ListItem\",\"position\":1,\"name\":\"\u0391\u03c1\u03c7\u03b9\u03ba\u03ae\",\"item\":\"https:\/\/synkinoumai.gr\/deutsch\/\"},{\"@type\":\"ListItem\",\"position\":2,\"name\":\"Was ist Tanztherapie\"}]}]}<\/script>\n<!-- \/ Yoast SEO plugin. -->","yoast_head_json":{"title":"Was ist Tanztherapie - Syn Kinoumai","description":"Die Tanztherapie ist eine ganzheitliche psychotherapeutische Disziplin aus dem Bereich der k\u00fcnstlerischen Therapien, die auch Tanz-, Bewegungstherapie oder Dance Movement Psychotherapie genannt wird.","robots":{"index":"index","follow":"follow","max-snippet":"max-snippet:-1","max-image-preview":"max-image-preview:large","max-video-preview":"max-video-preview:-1"},"canonical":"https:\/\/synkinoumai.gr\/deutsch\/?page_id=2112","og_locale":"el_GR","og_type":"article","og_title":"Was ist Tanztherapie - Syn Kinoumai","og_description":"Die Tanztherapie ist eine ganzheitliche psychotherapeutische Disziplin aus dem Bereich der k\u00fcnstlerischen Therapien, die auch Tanz-, Bewegungstherapie oder Dance Movement Psychotherapie genannt wird.","og_url":"https:\/\/synkinoumai.gr\/deutsch\/?page_id=2112","og_site_name":"Syn Kinoumai","article_publisher":"https:\/\/www.facebook.com\/koutiva\/","article_modified_time":"2020-09-08T16:15:28+00:00","og_image":[{"width":1240,"height":620,"url":"https:\/\/synkinoumai.gr\/deutsch\/wp-content\/uploads\/2020\/07\/BUNNER-FACEBOOK-NEW.jpg","type":"image\/jpeg"}],"twitter_card":"summary_large_image","twitter_misc":{"\u0395\u03ba\u03c4\u03b9\u03bc\u03ce\u03bc\u03b5\u03bd\u03bf\u03c2 \u03c7\u03c1\u03cc\u03bd\u03bf\u03c2 \u03b1\u03bd\u03ac\u03b3\u03bd\u03c9\u03c3\u03b7\u03c2":"2 \u03bb\u03b5\u03c0\u03c4\u03ac"},"schema":{"@context":"https:\/\/schema.org","@graph":[{"@type":"Organization","@id":"https:\/\/synkinoumai.gr\/deutsch\/#organization","name":"syn kinoumai","url":"https:\/\/synkinoumai.gr\/deutsch\/","sameAs":["https:\/\/www.facebook.com\/koutiva\/"],"logo":{"@type":"ImageObject","@id":"https:\/\/synkinoumai.gr\/deutsch\/#logo","inLanguage":"el","url":"https:\/\/synkinoumai.gr\/deutsch\/wp-content\/uploads\/2020\/07\/bunner-main.jpg","contentUrl":"https:\/\/synkinoumai.gr\/deutsch\/wp-content\/uploads\/2020\/07\/bunner-main.jpg","width":1024,"height":620,"caption":"syn kinoumai"},"image":{"@id":"https:\/\/synkinoumai.gr\/deutsch\/#logo"}},{"@type":"WebSite","@id":"https:\/\/synkinoumai.gr\/deutsch\/#website","url":"https:\/\/synkinoumai.gr\/deutsch\/","name":"Syn Kinoumai","description":"\u039a\u03ad\u03bd\u03c4\u03c1\u03bf \u03a7\u03bf\u03c1\u03bf\u03b8\u03b5\u03c1\u03b1\u03c0\u03b5\u03af\u03b1\u03c2","publisher":{"@id":"https:\/\/synkinoumai.gr\/deutsch\/#organization"},"potentialAction":[{"@type":"SearchAction","target":{"@type":"EntryPoint","urlTemplate":"https:\/\/synkinoumai.gr\/deutsch\/?s={search_term_string}"},"query-input":"required name=search_term_string"}],"inLanguage":"el"},{"@type":"WebPage","@id":"https:\/\/synkinoumai.gr\/deutsch\/?page_id=2112#webpage","url":"https:\/\/synkinoumai.gr\/deutsch\/?page_id=2112","name":"Was ist Tanztherapie - Syn Kinoumai","isPartOf":{"@id":"https:\/\/synkinoumai.gr\/deutsch\/#website"},"datePublished":"2020-05-05T17:09:15+00:00","dateModified":"2020-09-08T16:15:28+00:00","description":"Die Tanztherapie ist eine ganzheitliche psychotherapeutische Disziplin aus dem Bereich der k\u00fcnstlerischen Therapien, die auch Tanz-, Bewegungstherapie oder Dance Movement Psychotherapie genannt wird.","breadcrumb":{"@id":"https:\/\/synkinoumai.gr\/deutsch\/?page_id=2112#breadcrumb"},"inLanguage":"el","potentialAction":[{"@type":"ReadAction","target":["https:\/\/synkinoumai.gr\/deutsch\/?page_id=2112"]}]},{"@type":"BreadcrumbList","@id":"https:\/\/synkinoumai.gr\/deutsch\/?page_id=2112#breadcrumb","itemListElement":[{"@type":"ListItem","position":1,"name":"\u0391\u03c1\u03c7\u03b9\u03ba\u03ae","item":"https:\/\/synkinoumai.gr\/deutsch\/"},{"@type":"ListItem","position":2,"name":"Was ist Tanztherapie"}]}]}},"_links":{"self":[{"href":"https:\/\/synkinoumai.gr\/deutsch\/index.php?rest_route=\/wp\/v2\/pages\/2112","targetHints":{"allow":["GET"]}}],"collection":[{"href":"https:\/\/synkinoumai.gr\/deutsch\/index.php?rest_route=\/wp\/v2\/pages"}],"about":[{"href":"https:\/\/synkinoumai.gr\/deutsch\/index.php?rest_route=\/wp\/v2\/types\/page"}],"author":[{"embeddable":true,"href":"https:\/\/synkinoumai.gr\/deutsch\/index.php?rest_route=\/wp\/v2\/users\/1"}],"replies":[{"embeddable":true,"href":"https:\/\/synkinoumai.gr\/deutsch\/index.php?rest_route=%2Fwp%2Fv2%2Fcomments&post=2112"}],"version-history":[{"count":24,"href":"https:\/\/synkinoumai.gr\/deutsch\/index.php?rest_route=\/wp\/v2\/pages\/2112\/revisions"}],"predecessor-version":[{"id":4524,"href":"https:\/\/synkinoumai.gr\/deutsch\/index.php?rest_route=\/wp\/v2\/pages\/2112\/revisions\/4524"}],"wp:attachment":[{"href":"https:\/\/synkinoumai.gr\/deutsch\/index.php?rest_route=%2Fwp%2Fv2%2Fmedia&parent=2112"}],"curies":[{"name":"wp","href":"https:\/\/api.w.org\/{rel}","templated":true}]}}